 119 = -2*o, 0 = -2*o - 0*f - 3*f + 125. Let u = o + -37. Calculate the remainder when u is divided by 16.
5
Let r(a) = a**2 + 4*a + 9. Let h be r(-6). Let j = h + -15. Let p = -4176 - -4186. Calculate the remainder when p is divided by j.
4
Suppose -4*t = -40 - 0. What is the remainder when 218 is divided by t?
8
Let w(s) = -9*s - 72. Let h(u) = 8*u - 12. What is the remainder when w(-29) is divided by h(3)?
9
Suppose m - 33 = -3*q, -3*m = m - q - 132. Suppose 114*t - m = 113*t. Calculate the remainder when 131 is divided by t.
32
Suppose 2*f + f = -57. Let q = -494 - -570. Let l = f + q. What is the remainder when l is divided by 12?
9
Let l = 185 + -140. Calculate the remainder when 266 is divided by l.
41
Suppose -47 = 5*c - 62. Suppose -y + 5*i = -22, 0 = c*y + i - 0 - 18. What is the remainder when 39 is divided by y?
4
Let x be 3*(42/9 - 2). Suppose -x*q = -2*q - 390. Calculate the remainder when q is divided by 35.
30
Suppose -4 = 3*b - b. Let v be (b + -3)*(-4)/(-10). Calculate the remainder when 14 is divided by (-3)/(-3) + (v - -5).
2
Let h(g) = -4*g**2 + 170*g - 78. Calculate the remainder when 26 is divided by h(42).
2
What is the remainder when 222 is divided by (-783)/(-7) + 58/406?
110
What is the remainder when 1778/42 + (-2)/(-3) is divided by 8?
3
Suppose -k - 1 = 0, -7*l + 142 = -2*l - 2*k. What is the remainder when 111 is divided by l?
27
Suppose -r + 3*f + 309 = 2*r, 0 = 2*r + 5*f - 199. Suppose 5*d = 11*d - r. Calculate the remainder when d is divided by (5/(-4))/(2/(-8)).
2
Suppose 3*q = -4*w + 24 + 1, 0 = 3*w - 3*q - 45. What is the remainder when 41 is divided by w?
1
Let r = 76 - 60. Suppose 0*w + w = 468. Suppose 5*z - w = -78. Calculate the remainder when z is divided by r.
14
Suppose 56 + 1 = 3*l. What is the remainder when 74 is divided by l?
17
Suppose 0 = 2*o - 77*o + 5850. Calculate the remainder when 270 is divided by o.
36
Suppose 0 = 5*q + 4*q. Suppose 3*r - a - 16 = -r, -2*r - 3*a + 22 = q. What is the remainder when 13 is divided by r?
3
Suppose 84*k - 70 = 79*k + v, 0 = -5*k - v + 80. What is the remainder when 55 is divided by k?
10
Suppose 0 = 5*o - 6 - 79. Let n be -4 - (1 - -1) - 1. Calculate the remainder when (-4)/n - 1832/(-28) is divided by o.
15
Let r = 57 - -29. Calculate the remainder when r is divided by 32.
22
Suppose 5*i = -4*d + 127, -6*d + 94 = -3*d + 5*i. Calculate the remainder when 295 is divided by d.
31
Let a be (-20)/(-6)*78/(-65). Suppose 4*b - 1 = 15, 3*c - 3*b = -84. Calculate the remainder when 4 is divided by ((c/(-3))/a)/(-2).
0
Suppose 0 = 6*l - 510 + 372. Calculate the remainder when 319 is divided by l.
20
Suppose 0 = -3*a - 13 + 181. What is the remainder when (-18)/(-54) + (-1)/(3/(-326)) is divided by a?
53
Let v = 4 - 2. Let d(m) = m**2 + 4*m. Suppose -5 = 3*f - 2*f. What is the remainder when d(f) is divided by v?
1
Suppose -12 - 9 = -3*j. Calculate the remainder when 39 is divided by j/28 - (-166)/8.
18
Let u = -758 - -803. What is the remainder when 174 is divided by u?
39
What is the remainder when 78 is divided by (-13)/(-26)*(34 + 0)?
10
Suppose 5*l = -2*s + 1 + 36, 0 = -2*s - 4*l + 36. What is the remainder when 58 is divided by s?
10
Let h = -10 - -10. Suppose 2*t - m - 6 = m, h = 4*t + 3*m + 2. Suppose 29 - t = 2*n. What is the remainder when n is divided by 5?
4
Suppose 3*q + 3 = 4*q. Suppose 5*r = -q + 23, -3*k - 5*r = -305. What is the remainder when k is divided by 26?
17
Suppose -19223 = -32*n + 8777. What is the remainder when n is divided by 110?
105
Suppose -2*d - 20*q + 854 = -18*q, -2*q + 425 = d. Calculate the remainder when d is divided by 9.
6
Let z be 0/((2 + -6)/4). Suppose -o + 7 = -z*o. Let h(w) = -w**2 + 9*w + 1. What is the remainder when 57 is divided by h(o)?
12
Let f be (-685)/15 - (-6)/9. Let a = f - -59. Calculate the remainder when 37 is divided by a.
9
Let g(o) = 2*o - 10. Let z be 11 + (-7)/((-7)/(-4)). Calculate the remainder when 6 is divided by g(z).
2
Let n be ((-4)/10)/(6/540). Let v = 54 + n. Suppose 2 = -z - s, -3*z + 4*s = -s - v. Calculate the remainder when 1 is divided by z.
0
Let v(k) = k**2 - 3*k - 1. Let p = 29 + -23. What is the remainder when 65 is divided by v(p)?
14
Suppose -2*v + 18 = 5*k, 4*k = 2*v + 3*v + 21. Suppose 1 + 1 = z - 5*u, k*z + u = 8. Calculate the remainder when 10 is divided by (-30)/25*(-10)/z.
4
Suppose -r - 190 = -4*m - m, -5*r = -3*m + 92. Suppose 5*v = 4*b - 16, -b + 3 - 2 = -2*v. Calculate the remainder when m is divided by (0 - (-6)/b)*21.
11
Let y = 9 + 28. Let g = -48 + 27. Let t = g + y. Calculate the remainder when 62 is divided by t.
14
Let l = -4 - -12. Suppose -l*m = -5*m - 72. Let x = m + -12. What is the remainder when 57 is divided by x?
9
Suppose 3*g + 11 = 4*g. Suppose 4*c = -3*v + 49, 3*c - g = 1. Calculate the remainder when 75 is divided by v.
9
Suppose a + 3*a = 572. Let i = a + -82. Let y(w) = 4*w - 8. What is the remainder when i is divided by y(6)?
13
Suppose -2*l - 4*v - 64 = -6*l, -2*l + 5*v + 44 = 0. Calculate the remainder when ((-9)/(-4))/(51/l - 4) is divided by 2.
1
Suppose -3*g + 79 = 11*n - 6*n, 4*n - 3*g = 74. Calculate the remainder when 541 is divided by n.
14
Suppose -260 = -5*n + 5*a, -2*n = 2*a - 0*a - 92. Let k = n - 47. What is the remainder when 7 is divided by k?
1
Let g(a) = a**2 + 22*a + 84. Calculate the remainder when 171 is divided by g(-22).
3
Let z be (4/(-6))/(3/((-216)/2)). Let s(b) = -b**2 + 26*b - 25. What is the remainder when s(z) is divided by 5?
3
Let l(x) = -x**3 - 26*x**2 + 23*x + 4. What is the remainder when l(-27) is divided by 13?
8
Let n be (22/18 + (-2)/9)*4. Suppose -j - 5*z = j - 41, -n*j + 3*z = -17. Calculate the remainder when 15 is divided by j.
7
Suppose 5*k = 10*k + 25. Let z(o) = o**3 + 5*o**2 - o + 1. Let m be z(k). Suppose m*a - 290 = a. What is the remainder when a is divided by 12?
10
Suppose 10*m - 137 = 73. Calculate the remainder when 21/m + 61/1 is divided by 33.
29
Let w(j) = j**3 + 10*j**2 - 2*j - 18. Let c be w(-10). Calculate the remainder when 228 is divided by 3 + c/(-2) - -56.
54
Let c(q) = -q**2 + 6*q + 12. Let o(g) = -12*g - 1. What is the remainder when o(-5) is divided by c(6)?
11
Suppose -4*w - y = -5034, 0 = -21*w + 16*w - 5*y + 6285. Calculate the remainder when w is divided by 126.
125
Let b(n) = -3*n - 2. Let x be b(4). Let q = x + 29. Suppose -r = -6*r + 2*v + 28, 4*v = 4. Calculate the remainder when q is divided by r.
3
Suppose 0 = -3*v + 2*v + 2. Suppose 15*h - v*h - 2652 = 0. Calculate the remainder when h is divided by 23.
20
Let o(w) = -5*w - 7. Let k(q) = 4*q + 8. Let f(h) = -3*k(h) - 4*o(h). Let t(z) = 2*z**2 + 3*z - 5. Calculate the remainder when f(5) is divided by t(-4).
14
Let v(i) = i**2 - 3*i + 3. Calculate the remainder when 20 is divided by v(5).
7
Let l be ((-8)/10)/(1794/600 - 3). Calculate the remainder when (-4 - -2) + (-1)/1 + l is divided by 16.
13
Let t = -15 + 55. Suppose -h + 8 + t = 0. Suppose h = 2*q - 54. Calculate the remainder when q is divided by 18.
15
Suppose 3*i - 3*f = 51, f + 1 = -3. Let v be (-8)/6*(-18)/(-4). What is the remainder when i is divided by (16/v)/(2/(-3))?
1
Suppose 4*c - l = -0*l - 37, 0 = -2*l - 6. What is the remainder when (-6 + 2)*(-62)/8 is divided by (-425)/c*(-4)/(-10)?
14
Suppose 4*u = -34 + 98. Calculate the remainder when 58 is divided by u.
10
Suppose -2*d - 3*d + 40 = 0. Suppose d = 3*b - b. Calculate the remainder when b is divided by 4.
0
Let q(p) = p**3 - 21*p**2 - 40*p - 132. Calculate the remainder when 65 is divided by q(23).
5
Suppose 4 = 9*z - 32. Let h = 75 - z. Calculate the remainder when h is divided by 37.
34
Suppose 13 = 11*c - 108. What is the remainder when 736 is divided by c?
10
Suppose -306 = -j - 103. Calculate the remainder when j is divided by 52.
47
Let i = -127 - -171. What is the remainder when 349 is divided by i?
41
Suppose -11*t = -14*t. Suppose -y - 3 = -5*i, 2*y + t*i - 3 = i. What is the remainder when 6 is divided by y?
0
Let y(c) = c**3 + 31*c**2 - 6*c - 43. Calculate the remainder when y(-30) is divided by 13.
10
Let w(z) = -z + 1. Let c be w(-3). Suppose -30 = -h - c*v, -27 - 63 = -3*h + 2*v. What is the remainder when 118 is divided by h?
28
What is the remainder when 539 is divided by (-11)/((-88